culate the remainder when 645182 is divided by 1044.
1034
Calculate the remainder when 2130195 is divided by 304285.
200
Calculate the remainder when 205333341 is divided by 13.
5
Calculate the remainder when 111427 is divided by 22121.
822
Calculate the remainder when 207881240 is divided by 9.
5
Calculate the remainder when 2854520 is divided by 356814.
8
What is the remainder when 445241930 is divided by 1707?
1706
Calculate the remainder when 3699187 is divided by 217596.
55
What is the remainder when 8159507 is divided by 155?
152
Calculate the remainder when 1856752 is divided by 727.
721
Calculate the remainder when 88162 is divided by 291.
280
What is the remainder when 248432 is divided by 5915?
2
What is the remainder when 97817 is divided by 32507?
296
Calculate the remainder when 349289 is divided by 69494.
1819
Calculate the remainder when 17064948 is divided by 1612.
316
Calculate the remainder when 1195294 is divided by 1583.
129
What is the remainder when 943547 is divided by 6788?
15
What is the remainder when 4110706 is divided by 423?
415
Calculate the remainder when 1955354 is divided by 51.
14
Calculate the remainder when 345841 is divided by 5764.
1
Calculate the remainder when 4291547 is divided by 2172.
1847
Calculate the remainder when 424535 is divided by 2967.
254
What is the remainder when 2937930 is divided by 76?
74
Calculate the remainder when 1530932 is divided by 765461.
10
What is the remainder when 1128290 is divided by 562?
356
Calculate the remainder when 31693416 is divided by 2870.
6
What is the remainder when 741328 is divided by 463?
65
What is the remainder when 37920381 is divided by 60479?
48
What is the remainder when 183962 is divided by 6333?
305
Calculate the remainder when 1602505 is divided by 134.
133
What is the remainder when 66193533 is divided by 48?
45
Calculate the remainder when 140500255 is divided by 2090.
5
Calculate the remainder when 1880777 is divided by 1384.
1305
Calculate the remainder when 3292809 is divided by 1157.
1144
Calculate the remainder when 1250579 is divided by 206.
159
Calculate the remainder when 857916 is divided by 69.
39
What is the remainder when 693 is divided by 594?
99
What is the remainder when 601525 is divided by 4117?
443
Calculate the remainder when 331374 is divided by 31.
15
Calculate the remainder when 529679 is divided by 13528.
2087
Calculate the remainder when 3178650 is divided by 12869.
7
What is the remainder when 14315113 is divided by 509?
506
Calculate the remainder when 13596959 is divided by 3399222.
71
Calculate the remainder when 231184 is divided by 1499.
338
Calculate the remainder when 62841 is divided by 24.
9
Calculate the remainder when 1088695 is divided by 357.
202
What is the remainder when 237681195 is divided by 478?
475
What is the remainder when 405792 is divided by 1197?
9
Calculate the remainder when 1105505 is divided by 19.
9
Calculate the remainder when 633894 is divided by 90510.
324
What is the remainder when 1348316 is divided by 249?
230
Calculate the remainder when 6915805 is divided by 30.
25
What is the remainder when 3249204 is divided by 42?
0
Calculate the remainder when 15335 is divided by 5036.
227
Calculate the remainder when 2794386 is divided by 3276.
3234
What is the remainder when 536880 is divided by 268437?
6
What is the remainder when 12130486 is divided by 21?
4
Calculate the remainder when 22708 is divided by 1312.
404
What is the remainder when 13326341 is divided by 289703?
3
Calculate the remainder when 375800 is divided by 45.
5
Calculate the remainder when 1849304 is divided by 26418.
44
What is the remainder when 458059 is divided by 30436?
1519
Calculate the remainder when 10084 is divided by 4798.
488
Calculate the remainder when 103924 is divided by 2958.
394
What is the remainder when 157347 is divided by 1941?
126
What is the remainder when 35729004 is divided by 276969?
3
What is the remainder when 7404 is divided by 7349?
55
Calculate the remainder when 7096521 is divided by 104.
81
Calculate the remainder when 21510 is divided by 21297.
213
Calculate the remainder when 14984797 is divided by 535.
517
Calculate the remainder when 5313 is divided by 3221.
2092
Calculate the remainder when 2347896 is divided by 867.
60
Calculate the remainder when 1524028 is divided by 153.
148
What is the remainder when 53165504 is divided by 42910?
14
Calculate the remainder when 9593269 is divided by 26.
23
What is the remainder when 3977355 is divided by 2342?
639
What is the remainder when 27631755 is divided by 2065?
2055
What is the remainder when 10117495 is divided by 95?
90
What is the remainder when 474389 is divided by 480?
149
Calculate the remainder when 270535 is divided by 19316.
111
Calculate the remainder when 161664864 is divided by 1911.
1908
What is the remainder when 422032 is divided by 1140?
232
What is the remainder when 17528789 is divided by 47?
45
Calculate the remainder when 31774549 is divided by 235367.
4
Calculate the remainder when 168458 is divided by 783.
113
Calculate the remainder when 766889 is divided by 127809.
35
Calculate the remainder when 9786860 is divided by 9786834.
26
Calculate the remainder when 156511 is divided by 240.
31
What is the remainder when 2926452 is divided by 705?
702
Calculate the remainder when 417587 is divided by 49.
9
What is the remainder when 363783 is divided by 24226?
393
What is the remainder when 2925967 is divided by 365745?
7
Calculate the remainder when 7249087 is divided by 16.
15
What is the remainder when 7411456 is divided by 1852858?
24
What is the remainder when 109421119 is divided by 25?
19
What is the remainder when 3400756 is divided by 649?
645
What is the remainder when 7353982 is divided by 1050565?
27
What is the remainder when 1421834 is divided by 7811?
232
What is the remainder when 254210 is divided by 80854?
11648
Calculate the remainder when 70604231 is divided by 35302112.
7
Calculate the remainder when 125445 is divided by 817.
444
What is the remainder when 513018692 is divided by 7343?
7340
Calculate the remainder when 736461 is divided by 26289.
369
What is the remainder when 20786 is divided by 2343?
2042
Calculate the remainder when 792477 is divided by 13.
10
Calculate the remainder when 7520005 is divided by 2506552.
349
Calculate the remainder when 55906 is divided by 27216.
1474
What is the remainder when 16903 is divided by 8346?
211
What is the remainder when 116635 is divided by 1194?
817
What is the remainder when 2588778 is divided by 53?
46
What is the remainder when 7902260 is divided by 12328?
12
Calculate the remainder when 81623472 is divided by 70.
42
What is the remainder when 19722833 is divided by 56?
25
What is the remainder when 11976299 is divided by 2631?
2618
Calculate the remainder when 172109 is divided by 15217.
4722
What is the remainder when 2780379 is divided by 20749?
13
What is the remainder when 120807329 is divided by 17258183?
48
Calculate the remainder when 21407426 is divided by 55.
51
Calculate the remainder when 865313 is divided by 288424.
41
Calculate the remainder when 1937776 is divided by 7397.
7159
What is the remainder when 2792887 is divided by 2567?
2558
What is the remainder when 1010782 is divided by 1572?
1558
What is the remainder when 244452 is divided by 528?
516
What is the remainder when 635467 is divided by 158845?
87
What is the remainder when 37481786 is divided by 740?
46
What is the remainder when 808082 is divided by 403987?
108
Calculate the remainder when 1742588 is divided by 522.
152
Calculate the remainder when 926568 is divided by 11878.
84
What is the remainder when 4300721 is divided by 1314?
1313
What is the remainder when 30616655 is divided by 260?
95
Calculate the remainder when 400411 is divided by 151.
110
What is the remainder when 6438989 is divided by 1287795?
14
What is the remainder when 290580779 is divided by 52?
47
What is the remainder when 548763 is divided by 39148?
691
What is the remainder when 151048 is divided by 4573?
139
What is the remainder when 217372 is divided by 4732?
4432
Calculate the remainder when 246387 is divided by 80.
67
What is the remainder when 1574441 is divided by 2364?
17
What is the rem